*2 - 6912*r + 991. Determine v(-8).
31
Let o(l) = l**3 + 24*l**2 - 368*l + 602. What is o(-35)?
7
Let d(t) = -54*t**2 + 747*t - 1684. Calculate d(11).
-1
Let o(x) = 4*x**2 + 611*x - 8086. Determine o(-165).
-1
Let i(t) = 10*t**2 - 967*t - 11847. Give i(-11).
0
Let p(i) = -32387*i + 9651351. What is p(298)?
25
Let c(z) = 4*z**2 - 65*z - 229893. Determine c(248).
3
Let z(u) = -8184*u + 8191. Determine z(1).
7
Let p(m) = 88*m**2 + 2281*m + 12582. Calculate p(-8).
-34
Let b(f) = -f**3 + 122*f**2 + 1866*f - 436. What is b(-14)?
96
Let q(v) = -v**3 + 67*v**2 + 396*v - 2780. What is q(72)?
-188
Let m(o) = -2*o**3 + 32*o**2 - 277*o + 4485. Calculate m(16).
53
Let q(l) = -l**2 - 1012*l + 21548. Determine q(21).
-145
Let u(k) = 11*k**3 + 20*k**2 + 213*k + 584. Determine u(-4).
-652
Let z(i) = 6*i**3 + 69*i**2 - 21*i - 531. Determine z(-11).
63
Let v(p) = -p**3 - 41*p**2 - 908*p - 4179. Determine v(-6).
9
Let s(t) = -3*t**3 + 24*t**2 - 179*t + 1042. Give s(6).
184
Let b(g) = g**3 - 65*g**2 - 24068*g + 369. Give b(191).
-13
Let m(o) = 149*o - 205. Calculate m(-2).
-503
Let o(m) = 111378*m + 4120995. What is o(-37)?
9
Let n(q) = 3*q**2 - 319*q - 70639. Calculate n(-109).
-225
Let k(y) = 2*y**3 - 66*y**2 + 149*y + 288. Calculate k(30).
-642
Let v(y) = y**2 - 14619*y + 19469045. Determine v(1482).
11
Let f(i) = -9445*i + 46344. Give f(5).
-881
Let t(v) = -v**2 - 971*v + 30026. What is t(30)?
-4
Let a(n) = -4*n**3 - 78*n**2 + 14*n + 1056. Calculate a(-19).
68
Let g(a) = -1021*a + 76138. Determine g(73).
1605
Let u(m) = -2*m**2 - 618*m + 13132. What is u(20)?
-28
Let o(v) = 1745*v + 34689. What is o(-20)?
-211
Let v(f) = -2*f**2 + 54071*f + 703256. Determine v(-13).
-5
Let s(o) = -59*o + 8733. Give s(149).
-58
Let w(k) = -k**3 - 44*k**2 - 90*k - 255. Determine w(-42).
-3
Let n(p) = 4*p**2 - 4292*p - 64729. What is n(-15)?
551
Let p(q) = 928*q**2 + 1855*q + 10. Give p(-2).
12
Let r(b) = 7*b**2 - 1459*b - 340. Give r(208).
-964
Let p(j) = -2989*j - 32825. Determine p(-11).
54
Let j(z) = -7*z**2 - 11*z + 2666. Determine j(-29).
-2902
Let r(v) = -155*v + 27079. Give r(175).
-46
Let j(n) = -11758*n - 58790. Give j(-5).
0
Let v(h) = 2*h**2 - 743*h - 33838. What is v(-41)?
-13
Let r(h) = -127*h - 21924. Determine r(-165).
-969
Let g(x) = -x**3 - 560*x**2 + 544*x + 616645. Give g(-559).
68
Let j(d) = d**3 - 101*d**2 + 80*d + 1927. What is j(100)?
-73
Let g(d) = 81766*d + 981257. Give g(-12).
65
Let g(y) = -2*y**2 + 1975*y - 23490. Determine g(12).
-78
Let k(d) = -596*d + 19168. Determine k(33).
-500
Let a(y) = -12641*y - 252828. Give a(-20).
-8
Let l(b) = -5617*b - 89868. Give l(-16).
4
Let z(p) = 1995*p + 97763. Calculate z(-49).
8
Let c(j) = 14490*j + 2057575. Calculate c(-142).
-5
Let o(w) = 11868*w + 2. What is o(0)?
2
Let q(h) = -h**2 + 70226*h - 772416. What is q(11)?
-51
Let g(w) = 2*w**3 + 71*w**2 - 35*w + 601. Determine g(-36).
565
Let n(q) = 14*q**3 + 159*q**2 - 183*q + 1501. Give n(-13).
-7
Let f(m) = 20234*m - 141274. Determine f(7).
364
Let n(g) = -451*g - 98223. Determine n(-217).
-356
Let i(k) = -k**3 - 169*k**2 + 378*k + 5420. What is i(-171)?
-736
Let y(r) = -2*r**2 - 503*r - 28313. Calculate y(-85).
-8
Let n(m) = 9*m**2 - 597*m + 9823. What is n(37)?
55
Let m(r) = 100*r**2 - 20344*r - 40694. What is m(-2)?
394
Let k(q) = -1079*q - 86283. Determine k(-80).
37
Let r(t) = -23*t**3 + 20*t**2 - 496*t + 986. Give r(2).
-110
Let r(q) = -3582*q + 8552. Determine r(3).
-2194
Let s(b) = b**2 - 2719*b - 127532. Calculate s(-46).
-342
Let k(a) = -a**3 - 20*a**2 + 23*a - 8. Give k(-13).
-1490
Let u(l) = -12*l**2 - 187*l - 1322. Give u(-8).
-594
Let u(x) = -23*x**2 + 891*x + 1812. Give u(-2).
-62
Let m(l) = -5*l**2 + 742*l - 21588. Give m(40).
92
Let v(z) = 936*z - 237697. What is v(254)?
47
Let v(y) = 43*y - 2892. What is v(47)?
-871
Let z(y) = -8*y**2 + 1514*y + 6973. Give z(194).
-399
Let b(f) = -5797*f - 4729. Determine b(-1).
1068
Let p(d) = -342*d**3 - 2398*d**2 + 167*d + 1375. What is p(-7)?
10
Let v(r) = -10464*r - 73318. Calculate v(-7).
-70
Let x(k) = -5*k**2 - 178*k + 24. What is x(-47)?
-2655
Let v(w) = -3*w**3 + 695*w**2 + 6744*w + 952. Determine v(241).
-12
Let q(a) = 3938*a - 8232. Calculate q(2).
-356
Let c(n) = -116*n - 989. Determine c(-32).
2723
Let g(k) = -3178*k + 123914. Determine g(39).
-28
Let t(k) = 2*k**2 + 359*k + 6788. Calculate t(-158).
-6
Let z(f) = -6679*f + 848243. Calculate z(127).
10
Let r(s) = 5353*s - 37477. Determine r(7).
-6
Let u(d) = -89*d**3 + 259*d**2 + 5*d + 39. Calculate u(3).
-18
Let i(t) = 23145*t - 162029. Determine i(7).
-14
Let b(j) = 93*j**2 - 4258*j + 4262. Give b(1).
97
Let r(w) = 2445*w - 52490. Calculate r(22).
1300
Let y(m) = -m**3 - 1212*m**2 - 287107*m + 12921. Give y(-323).
1
Let l(n) = 623*n**2 + 1524*n + 10. What is l(-3)?
1045
Let l(k) = -k**3 + 40*k**2 - 243*k - 1704. Give l(30).
6
Let z(d) = 535*d - 16508. Determine z(31).
77
Let b(z) = -81152*z + 405810. Give b(5).
50
Let w(h) = h**2 - 3326*h - 66337. Calculate w(-20).
583
Let f(r) = -52*r**2 + 173*r + 709. Determine f(-4).
-815
Let f(p) = 2*p**3 + 54*p**2 - 110*p + 3247. Determine f(-30).
1147
Let w(f) = -11*f**3 - 11*f**2 + 715*f + 3687. Give w(-5).
1212
Let z(g) = 48*g**2 - 1955*g + 23. Determine z(40).
-1377
Let a(h) = -4*h**3 + 2914*h**2 + 1481*h - 16757. Calculate a(729).
10
Let j(k) = 45*k**3 - 2*k**2 + 281*k + 1138. Give j(-4).
-2898
Let s(g) = 5*g**2 - 424*g - 8069. Determine s(-16).
-5
Let l(s) = s**3 + 137*s**2 - 877*s - 2805. Calculate l(-143).
-88
Let s(o) = 16*o**3 + o**2 + 1897*o + 76. What is s(0)?
76
Let r(a) = -2*a**2 + 1596*a - 176741. What is r(133)?
149
Let h(w) = 30*w**2 + 938*w + 5664. Calculate h(-6).
1116
Let h(g) = 34573*g + 34574. Determine h(-1).
1
Let y(m) = 11*m**2 - 472*m + 1842. Calculate y(40).
562
Let z(a) = -1299*a + 63649. Calculate z(49).
-2
Let z(y) = 3*y**2 + 1588*y - 60462. Determine z(-565).
-7
Let q(g) = -3*g**3 - 33*g**2 + 28*g - 91. Determine q(-12).
5
Let o(i) = -3*i**3 - 45*i**2 - 887*i - 13332. What is o(-15)?
-27
Let o(l) = 470*l + 115609. What is o(-246)?
-11
Let v(a) = -3*a**3 - 173*a**2 - 112*a + 165. Calculate v(-57).
51
Let q(z) = -z**2 - 162*z - 7053. Calculate q(-82).
-493
Let q(o) = 8*o**3 - 102*o**2 + 375*o - 524. Give q(8).
44
Let b(r) = 412615*r + 412619. What is b(-1)?
4
Let f(z) = -906*z**2 - 14740*z - 14741. What is f(-1)?
-907
Let l(n) = 2441*n - 500443. Calculate l(205).
-38
Let t(u) = u**3 - 152*u**2 - 5469*u - 267. Calculate t(-30).
3
Let o(k) = -3*k**3 + 53*k**2 - 274*k + 3882. Calculate o(15).
1572
Let a(s) = 3*s**3 - 278*s**2 + 1963*s - 683. Give a(85).
-3
Let b(m) = -m**3 - 80*m**2 + 519*m - 21. What is b(6)?
-3
Let y(n) = n**3 + 386*n**2 - 379*n + 3084. Determine y(-387).
-12
Let f(k) = -3*k**3 - 234*k**2 - 226*k - 349. Calculate f(-77).
-734
Let s(x) = 12*x**3 - 121*x**2 - 610*x + 4016. What is s(12)?
8
Let t(g) = 94*g**2 - 18238*g + 434. Give t(194).
46
Let g(j) = j**3 + 14*j**2 - 3778*j - 30607. Calculate g(-8).
1
Let r(y) = y**2 - 13897*y - 431455. Calculate r(-31).
313
Let u(d) = -356*d**2 + 19*d - 33. Give u(2).
-1419
Let k(n) = 5*n**3 - 117*n**2 - 185*n + 5247. Determine k(23).
-66
Let u(i) = -2*i**3 - 206*i**2 + 448*i + 24956. Calculate u(-104).
-4
Let q(p) = -3*p**3 - 98*p**2 - 84*p - 34. Give q(-32).
606
Let o(c) = 7190*c + 129445. What is o(-18)?
25
Let o(u) = u**3 + 35*u**2 - 57*u + 2590. Give o(-38).
424
Let k(d) = -12918*d + 348798. What is k(27)?
12
Let j(p) = 1963*p - 45181. Calculate j(23).
-32
Let f(t) = -3*t**2 + 1014*t - 70982. What is f(239)?
1
Let g(o) = 2*o**3 - 33*o**2 + 1269*o - 21870. What is g(17)?
-8
Let o(q) = 18*q**3 - 146*q**2 - 6*q - 26. Determine o(8).
-202
Let q(i) = 85969*i - 26736361. Calculate q(311).
-2
Let k(f) = -6*f**3 - 3*f**2 + 57*f + 183. Give k(-3).
147
Let w(t) = -2*t**2 + 85*t + 930. Calculate w(52).
-58
Let c(w) = -w**3 + 19*w**2 + 3610*w - 68281. Calculate c(19).
309
Let l(s) = 303*s - 543. What is l(-11)?
-3876
Let f(c) = -c**3 + 243*c**2 + 4*c - 140. Calculate f(0).
-140
Let z(h) = -16*h**3 - 7*h**2 + 5*h + 43. Determine z(5).
-2107
Let m(k) = -k**3 + 385*k**2 + 3500*k + 18133. Determine m(394).
9
Let t(w) = 8938*w - 321757. Calculate t(36).
11
Let d(k) = -k**3 + 174*k**2 - 4966*k - 198. Give d(138).
78
Let s(j) = j**2 - 196*j